/6)/((-18)/(-1755)*-5). Suppose 4*i + 2*n = 108, 4*i - 3*n + 4*n = 106. What is the greatest common divisor of i and o?
26
Suppose 0*u - 5 = -u. Let z(q) = q - 5. Let f be z(u). Let o be f/1 + 35 + -11. What is the greatest common divisor of o and 36?
12
Suppose -y - 5 = -1. Let r be (27/(-2))/(y/8). Let j(b) = b**3 - b**2 - b + 3. Let k be j(0). Calculate the highest common factor of r and k.
3
Suppose 4*t - 41 = -2*q - 9, 0 = -4*t + 16. What is the highest common factor of q and 3?
1
Let l(v) = 8*v**2 - 16*v - 28. Let k be l(9). Let r be k/6*(-30)/(-20). Calculate the highest common divisor of r and 7.
7
Let m(x) = -x**2 - 20*x + 68. Let a be m(-22). What is the highest common divisor of a and 152?
8
Suppose -2*g = -3*s + 74, -4*s + 4*g = s - 126. Calculate the greatest common divisor of s and 814.
22
Suppose -2 = 2*z, 3*l + 71*z - 125 = 76*z. What is the highest common divisor of 170 and l?
10
Let p be (-105)/14*8/(-6). Let k be (-6)/p + (406/35 - -4). Calculate the highest common divisor of k and 30.
15
Suppose b - 6 = -b. Suppose 3*g - 3*r = -r + 241, -5*g = -5*r - 395. Let p = -77 + g. Calculate the greatest common divisor of b and p.
3
Let a(z) = -9*z**3 + z**2. Let x be a(1). Let v be 4/(-8)*-1*x. Let y = 21 + v. Calculate the highest common factor of 119 and y.
17
Suppose -2*n - 2*n - 3*q - 12 = 0, -4*n + 3*q = -12. Let j be 2 + 25 - -3 - n. What is the greatest common factor of j and 75?
15
Let t(g) = 2 + g**2 + 0*g - 3*g + 2*g. Let o be t(-3). Let l be (4 - 3)*(-112)/(-2). What is the highest common divisor of o and l?
14
Let m(q) = -44*q**2 + 2*q + 4 + 45*q**2 - 8*q. Let d be m(7). Suppose 0 = 3*b + 4*z - 2*z - 171, b - 49 = 2*z. What is the highest common factor of b and d?
11
Let h(v) = 14*v + 6. Let c be h(1). Let f = 139 - 49. Calculate the greatest common divisor of c and f.
10
Suppose 4*k + z - 23 = 0, 3*k - z = -4 + 23. Let g be (-2 + 2 - 4)/(k/(-24)). Calculate the highest common divisor of 32 and g.
16
Let b be 3 + ((-2324)/(-7) - (7 + -2)). Calculate the greatest common divisor of 30 and b.
30
Suppose -24*k = -19*k - 195. Suppose 0 = -l + 4*l - 39. Calculate the highest common divisor of k and l.
13
Suppose u + u - 8 = 0. Let t = 15 - 16. Let h be 2 - (1*-15 - t). Calculate the greatest common divisor of h and u.
4
Suppose -5*c - 3*r = 2*r, 0 = -5*c + r - 30. Let u(s) = -31*s + 10. Let n be u(c). Calculate the greatest common divisor of n and 15.
15
Suppose -37 - 28 = 5*w. Let d(u) = u**2 + 6*u + 7. Let m be d(w). Suppose 3*s - 6 = 0, 2*o + 2*s = -2*s + m. Calculate the greatest common divisor of o and 9.
9
Let y = 61 - 53. Let j be y/68 + 70/(-17) - -12. Calculate the greatest common divisor of 8 and j.
8
Let i = 1668 + -1582. What is the greatest common factor of i and 2?
2
Let o be (-14)/56 - 1548/(-48). Let j = 34 - 49. Let m be 25/2*(-96)/j. What is the greatest common divisor of o and m?
16
Suppose 3*o - 1357 = -20*o. What is the highest common divisor of 413 and o?
59
Let t(u) = u - 7. Let c be t(10). Let f be -10 - -2*c/(-6). Let k = f + 16. Calculate the greatest common divisor of k and 45.
5
Suppose 3*v - 6 + 2 = -o, -v + 8 = o. Suppose 0 = -5*g + j + o, 2*g + j = 4*j - 9. Suppose -g*y = -7*y + 108. What is the greatest common factor of y and 18?
9
Suppose 67 + 52 = 7*v. Suppose 2*x + v + 14 = 5*l, -5*x = -5*l + 25. What is the greatest common divisor of l and 21?
7
Let t be (-2327)/(-143) - (-15)/(-55). Let y be (-440)/(-28) - 4/(-14). Calculate the highest common divisor of y and t.
16
Suppose -9*s + 466 = 448. What is the greatest common divisor of s and 122?
2
Let l(m) = -2*m**2 + 5*m + 14. Let j(s) = -s**2 - s + 1. Let d(x) = 3*j(x) - l(x). Let f be d(-6). What is the highest common divisor of 11 and f?
1
Let w be -8 + 4 + 79*1. Suppose 4*s + s = w. What is the highest common factor of 45 and s?
15
Suppose -4*c - 2*q + 962 = 0, -3*c - 5*q + 382 = -329. What is the highest common divisor of 44 and c?
22
Let m(y) = y**2 + y + 1. Let o be m(-3). Suppose 4 + 4 = 2*s. Suppose 4*h - 117 = -6*v + 3*v, 4*h = s*v - 128. What is the greatest common factor of o and v?
7
Let g(v) = 9*v + 135. Let i be g(-19). Let z be 154/2 - 1*-1. Let t = i + z. What is the greatest common factor of t and 28?
14
Suppose 0 = 2*p + 4*d + 4, -4*p + 7*p = d + 8. Suppose 4*s + 10 - 38 = -p*z, z = 0. What is the greatest common factor of 63 and s?
7
Let v be 3/((-6)/(-22)) - 3/1. Calculate the greatest common factor of 8 and v.
8
Suppose -2*j = 101 + 109. Let t = 159 + j. Calculate the greatest common factor of t and 81.
27
Let l = 173 - 147. Suppose 4 = 2*i - 4*z - 86, -i - 3*z = -30. What is the greatest common divisor of i and l?
13
Let o be (-18)/(-6) + 1*-7. Let l be 36/21 - o/14. What is the highest common divisor of l and 1?
1
Let j = -24 + 35. Suppose -j = 3*f - 35. Suppose 4*r = 68 - f. Calculate the greatest common factor of r and 60.
15
Let d be 2 + (2 - -3) - -2 - -2. Suppose -i - d = -2*i. Calculate the highest common divisor of 110 and i.
11
Let i be 23 - 7/(7/2). Let s = i + -19. Suppose w = -w + s*r + 104, -w = r - 52. What is the greatest common factor of w and 13?
13
Suppose -3*j + 16 = -a, 5*j - 3*a - 2*a = 20. Let g(h) = -h**3 + 5*h**2 + 14*h - 12. Let p be g(j). Calculate the greatest common factor of 4 and p.
4
Let i(l) = l**2 - 14*l - 118. Let t be i(-6). Calculate the greatest common divisor of 214 and t.
2
Suppose 0 = -3*p + 5*s + 210, 5*p - 372 = -s + 2*s. What is the highest common divisor of p and 105?
15
Let b = -30 + 82. Suppose b*o = 49*o + 30. Suppose 2*z - 3*z + 29 = -5*s, 35 = 5*z - 3*s. Calculate the highest common divisor of o and z.
2
Let b(k) = -43*k - 4. Let q be b(-4). Suppose -q = -2*l + d, d + 4*d + 102 = l. Let g = 122 - l. Calculate the highest common factor of 5 and g.
5
Suppose -2*k + 0*k - 1926 = 0. Let c be 4/(-20) + k/(-15). Let d(n) = 9*n - 29. Let p be d(5). Calculate the greatest common factor of c and p.
16
Let l(i) = 2*i**2 - 7*i - 25. Let u be l(6). Suppose 4*c = -u*z + 69, 3 - 42 = -2*c - z. Calculate the greatest common factor of 14 and c.
7
Suppose -16*y + 19 = -45. Calculate the highest common divisor of y and 16.
4
Let l be (4 + 2)*(5 + 1). Let b be (-3)/6*-9*2. What is the highest common factor of b and l?
9
Let z be 27751/11 + (-388)/(-2134). Calculate the highest common divisor of z and 29.
29
Suppose -4*c - 4*m - 4 = 0, -5*c - 3*m + 19 = -4*m. What is the greatest common factor of 9 and c?
3
Let i be 4/(-2) - (-6)/2. Suppose -2 = -j - 3*a, 2*j + 3*a - i = 12. Let d be (j/2)/((-3)/(-84)). What is the greatest common divisor of d and 14?
14
Let r(p) = 777*p - 9. Let v be r(1). What is the greatest common divisor of v and 48?
48
Let u(m) = -3*m + 12 + 3*m - 2*m + 3*m. Let o be u(-8). Suppose 0 = -a + 6*a - 180. What is the highest common divisor of o and a?
4
Suppose -l = -5*l + 4*b + 564, -4*b = 5*l - 687. Let s = l + -88. What is the greatest common divisor of 34 and s?
17
Suppose 2*a - a - 85 = 0. Suppose -f + 16 = -4*x, 2*x - 5*f = 5*x - 11. Let s be (0 + 0 + 3)/(x/(-17)). What is the greatest common factor of s and a?
17
Let i be ((-75)/2)/(33/(-66)). What is the greatest common divisor of 25 and i?
25
Suppose 0 = -11*h + 31*h - 1500. What is the greatest common factor of 75 and h?
75
Let b be 0 + (-27)/(-2) + (-69)/(-46). Suppose 9*u = b*u - 6. Calculate the highest common factor of u and 11.
1
Suppose -179 = -4*a - 19. Suppose -12*c + 30 + 30 = 0. What is the highest common factor of a and c?
5
Let b(z) = -3*z - 12. Suppose 0*m = -3*m - 15. Let i be b(m). Suppose -29*s + 25*s + 12 = 0. Calculate the greatest common divisor of i and s.
3
Let t = 22 + -17. Let s(f) be the third derivative of -f**4/12 + 8*f**3/3 - f**2. Let x be s(t). What is the greatest common divisor of 4 and x?
2
Let d(t) be the second derivative of t**4/12 - 2*t**3 + 10*t**2 + 10*t. Let z be d(11). Calculate the highest common divisor of 81 and z.
9
Suppose 2*q = 5 + 1. Let w(p) = p**2 - 18*p + 34. Let c be w(16). Suppose -3*l + 12 = c*b, -6*b = -b + q*l - 21. What is the highest common divisor of b and 21?
3
Let o(c) = -3*c**3 - 61*c**2 + 34*c - 29. Let r be o(-21). Calculate the greatest common divisor of r and 2.
1
Suppose 2*u - 40 = 88. What is the highest common divisor of u and 4?
4
Suppose -4*